et u(b) = -7*b**3 + b**2 - 1. Let c(f) be the first derivative of 2 + 5/2*f**2 - 7/3*f**3 + 7*f + 1/4*f**4. Let w be c(6). Calculate u(w).
-7
Let x(y) be the second derivative of -y**5/20 - 2*y**4/3 + 7*y**3/6 - 11*y**2/2 + 12*y. What is x(-9)?
7
Suppose -2*u + 6 = -5*u, -q = -3*u - 8. Let i(z) = -z**3 + 9*z**2 - 13*z - 3. Let o be i(7). Suppose -q = o*h + 2. Let r(a) = 2*a + 1. What is r(h)?
-1
Suppose y = 4*p + 178, -3*y - 2*p + 551 = 3*p. Let r(j) = -9*j**2 - y + 182. What is r(-1)?
-9
Let x(g) = -g. Let f(t) = -t**3 - 5*t**2. Let n be f(-5). Give x(n).
0
Let i(m) be the first derivative of m**3/3 - 9*m**2/2 + m + 4. Give i(8).
-7
Let f(s) = 5*s**3 + s**2 - s + 8. Let u(r) = 4*r**3 + r**2 - r + 8. Let h(q) = 3*f(q) - 4*u(q). Determine h(0).
-8
Let y be (-7)/3 - (-2)/(-3). Let u(p) be the second derivative of p**5/20 + p**4/4 - p**3/6 - p**2 + p + 11. Calculate u(y).
1
Let j(q) = -6*q**3 + q**2 - 1. Let i = 7 + -6. Determine j(i).
-6
Let l(t) = -6*t - 3. Let h be 2/9 + 166/(-18). Let r = -11 - h. Calculate l(r).
9
Suppose z - 3 = o, -3*z - o = -2*z + 1. Let p = z + -2. Let v(s) = -4*s**2 + 7. Let n(x) = 5*x**2 - 8. Let a(c) = -6*n(c) - 7*v(c). Give a(p).
-3
Suppose -4*m + 10 = -10. Let z(u) = -u + 4. Let g(s) = -1. Let c(l) = -6*g(l) - z(l). Calculate c(m).
7
Let y(a) be the first derivative of 0*a**2 - 4*a - a**3 + 1/4*a**4 - 2. Suppose -4*v + 1 = -11. What is y(v)?
-4
Let g(y) = -y + 2. Let t be (0/(12/3))/2. Calculate g(t).
2
Let z(p) be the second derivative of p**4/12 - 3*p**3/2 + 3*p**2/2 + 30*p. Determine z(8).
-5
Let b(i) = 5*i**2 + 3*i - 4. Let j(d) = -4*d**2 - 2*d + 4. Let u(m) = -3*b(m) - 4*j(m). Give u(-3).
8
Let s be 6/4 + 2/(-4). Let f(c) = -s - c + 2 + 1. Suppose 0 = 10*l - 5*l - 10. What is f(l)?
0
Let w(a) = -a**3 - 4*a**2 - a + 2. Suppose 4*h - 35 = -11. Let n = h - 10. Determine w(n).
6
Suppose -l - 8 + 0 = -v, 0 = -3*v - 5*l. Let z(m) = m**2 - 6*m + 7. Let p be z(v). Let s(h) = 0*h - 10 + 0*h - h**p. Give s(0).
-10
Let p(b) = -2*b + 4. Suppose 0 = 4*v - 4*k - 20, -4*v + 2*v + 3*k + 10 = 0. Let o(w) = 4*w - 8. Let g(z) = v*p(z) + 2*o(z). What is g(5)?
-6
Suppose -5*j + 17 = -3*j - 5*d, 8 = 2*j + 4*d. Let v(r) = 4 + r**3 + 4*r**3 + 4*r - 4*r**3 - 7*r**2. What is v(j)?
-8
Suppose 0 = -4*a + 3*q + 28, -6*q - 14 = -2*a - 3*q. Let f(g) = 2*g**2 - 8*g - 5. Let t(s) = s**2 - s + 1. Let h(w) = f(w) - t(w). Calculate h(a).
-6
Let s(f) = f**2 - 7. Let m be s(5). Suppose 3*g = -5*b + 16, b + m = 6*b + 4*g. Let l(p) = -p**2 + 3*p - 1. What is l(b)?
1
Let p(w) = w**2 - 3*w. Let m be p(4). Let b = 3 - 1. Let o(u) = m - b*u + 0 + u. Determine o(-3).
7
Let t(c) = 7*c - 8. Let y(r) = 3*r - 4. Suppose -3*k + 25 = -8*k. Let f(o) = k*y(o) + 2*t(o). Give f(4).
0
Let t(o) = -o**3 - 3*o**2 + 2*o - 4. Let k be t(-4). Let l(s) = s**2 - 3. What is l(k)?
13
Let l(c) be the second derivative of -c**5/20 - c**4/4 + c**3/2 + 2*c**2 - 4*c. What is l(-4)?
8
Let i be (18/(-10))/((-12)/20). Let m(t) = t**3 - 5*t**2 + 3*t + 4. What is m(i)?
-5
Let h(x) = x**2 - 5*x. Let v be h(4). Let a(p) be the second derivative of -p**4/12 - p**3 - 5*p**2/2 - 16*p. Give a(v).
3
Let o(d) = -d**3 + 5*d**2 - 2*d + 5. Let j be 4 + (-2 - -1)*1. Let k(y) = 0*y + 9*y**2 - y - 8*y**2 - 1. Let a be k(j). Give o(a).
-5
Suppose -2*b - 10 = -b. Let h be 5/b + 1/(-2). Let n(q) = 2*q**3 - 2*q**2 - q. Calculate n(h).
-3
Let x(b) = 3*b**3 + 3*b**2 + b - 1. Suppose 2*g + 4 = 3*i, 2*g - 3*i = -7*i - 4. Calculate x(g).
-15
Let f(r) = -8*r**2 - 4 - 3*r + 9*r**2 + 2. Determine f(3).
-2
Let x(v) = 3*v + 3. Let l(t) = 6*t + 5. Let a(y) = -4*l(y) + 7*x(y). Give a(-1).
4
Suppose 14*v - 9*v = 70. Suppose 0 = -3*t - 1 - v. Let a(l) = 1 + l**2 - 1 + 6*l. Determine a(t).
-5
Let n(q) = 13 - 4 - 3*q + 0*q + 2*q. Determine n(10).
-1
Let c(b) = 4*b**3 - 3*b**3 + 7*b**2 + 5*b - 13*b**2. Calculate c(5).
0
Let o(k) = 3*k**2 - 11*k + 28. Let r(u) = -u**2 + 4*u - 9. Let h(v) = 2*o(v) + 7*r(v). Calculate h(5).
-2
Let p(y) = -4*y - 5 + y + 8*y - 4*y. Calculate p(-8).
-13
Let i(s) = -s**3 + 4*s**2 + 3*s + 1. Let t be 0/((-1)/(-1) - -2). Suppose 3*u + 10 = 4*u + 5*a, t = -4*u + 4*a + 16. Determine i(u).
-9
Let m = 2 + 0. Let y(b) = 4*b - 2*b**m + 1 + 1 + 3*b**2. Determine y(-5).
7
Let g be 24/5 - (-12)/(-15). Let h(y) be the third derivative of y**5/60 - y**4/4 + y**3/6 - y**2. Determine h(g).
-7
Let h = -4 + 6. Let p(z) = z**2 + 0*z - z + 3*z**h. Suppose i = -0*i + 2*t + 9, 0 = t + 4. Determine p(i).
3
Let y(t) be the second derivative of -t**4/12 + 7*t**3/6 - 5*t**2/2 + 6*t. Calculate y(6).
1
Suppose 2*f = 4*f - 8. Suppose n + 0*n + 25 = f*c, 2*n - 5 = -3*c. Let w(k) be the third derivative of k**4/24 + k**3/6 + 2*k**2. Determine w(c).
6
Let r(u) = 2*u + 2. Let z = -33 + 29. Calculate r(z).
-6
Let v(k) = 7*k**3 - 12*k**2 + 12*k - 12. Let d(g) = g**3 - g**2 + g - 1. Suppose -4*y - 12 = -2*y. Let f(h) = y*d(h) + v(h). What is f(5)?
-1
Suppose -2*q - 4 = 8. Let m(u) = -1. Let h(g) = g**2 + 5*g. Let s(l) = h(l) - 2*m(l). Determine s(q).
8
Let t(p) = p**2 + p + 6. Let s be t(0). Let i(z) = 2*z - 6 + z**3 - z**2 + 2*z**2 - s*z**2. Give i(5).
4
Suppose -2*b = -4*q - 16, -2*b = q + 2*q + 5. Let d(a) = -6*a**2 + b*a**2 + 103*a - 101*a. Determine d(2).
-12
Let g(m) be the first derivative of m**2/2 - m - 3. Suppose -q - 9 = -4*q. Suppose 0 = -3*h + q - 0. Give g(h).
0
Let w be (-4)/(80/(-15)) - 3/4. Let a(o) = o**3 - o**2 - o - 1. Calculate a(w).
-1
Let c(n) = 2*n**2 - n**3 - 4 - n**2 + n + 3*n**2. Let f(l) = -l**3 + 4*l**2 + 4*l + 7. Let z be f(5). Let w be (-3)/(z/(-2)) - -1. Determine c(w).
0
Let x(i) = -12*i + 1 + 1 - 4 + 3. Give x(1).
-11
Suppose -w = -1 - 5. Let l(f) = -f**3 + f**3 - 2 + 5*f**2 - 4*f - f**3. Let g(u) = 5*u**3 - 24*u**2 + 20*u + 9. Let z(d) = -2*g(d) - 11*l(d). Calculate z(w).
-8
Let i be (-5)/((-20)/(-12)) + -4. Let p(c) = -c**3 - 6*c**2 + 5*c - 1. Determine p(i).
13
Suppose -5*u - 2*z - 16 = 0, -4*u + 4*z + 6 - 30 = 0. Let t(w) = -w - 5. Give t(u).
-1
Let d(t) be the first derivative of -t**3/3 + t**2/2 + 10*t - 2. Let n be (1 - 2) + 2 + -1. What is d(n)?
10
Suppose -5*i - 4*o + 18 = 0, 6*i + 3*o - 12 = 3*i. Let w(m) = m**3 - 1. Let h(l) = -3*l**3 + 2*l**2 - l + 4. Let k(f) = h(f) + 2*w(f). Calculate k(i).
0
Suppose -5*i = 5, -4*s + s + 4*i + 10 = 0. Let a(q) = 0*q - s*q + 3*q - 4*q**2. Suppose -2*j = -2 + 4. Give a(j).
-5
Let o(w) = -w - 3. Let q be o(-3). Let s(a) be the third derivative of -a**5/60 - a**4/24 + 7*a**3/3 + 47*a**2. Determine s(q).
14
Let z = 13 + -7. Let g(h) = h**3 - 5*h**2 - 5*h - 4. Give g(z).
2
Let z(f) = -f**2 - f. Let u(t) = 15 - 5*t + 4*t - 7. Let s(b) = b - 8. Let v(l) = -5*s(l) - 6*u(l). Let g be v(8). Give z(g).
0
Suppose 66 = -w + 61. Let g(q) = q**2 + 7*q + 6. Calculate g(w).
-4
Let c(k) = k + 1. Suppose 2*b + 2*b + 8 = 0. Let l(o) = -o - 1. Let i(x) = b*l(x) - 3*c(x). Determine i(-3).
2
Let h(z) = -z**2 + 3*z + 8. Let p be 0 - 3/((-6)/4). Suppose p*t + 4*w - 2*w + 44 = 0, -34 = t - 5*w. Let q be ((-18)/8)/(9/t). Calculate h(q).
-10
Let g = 15 - 6. Let w(z) = z**2 + 4 + g*z - 1 + 3. What is w(-9)?
6
Let p(z) be the second derivative of -z**4/12 + z**3/3 + 3*z**2/2 + 7*z. Determine p(5).
-12
Let s(x) = -9*x**3 - x**2. Let u be (6/(-4) + 1)*-8. Suppose -f - 3*f - 4*i - 8 = 0, 5*f = i - u. What is s(f)?
8
Let t(c) be the second derivative of -c**4/2 + c**3/6 - 6*c + 1. Calculate t(1).
-5
Suppose 3*m - 5 = -2. Let t(a) = -8*a - 6. Let s(n) = -1. Let q(c) = 5*s(c) - t(c). Determine q(m).
9
Suppose 0*b - 2*b = 0. Let t(y) be the first derivative of -y**5/120 + 7*y**4/24 + y**3 - 1. Let v(f) be the third derivative of t(f). Give v(b).
7
Let a = 11 - 10. Let x(j) = -14*j**2 + 1. What is x(a)?
-13
Let b(x) = 10*x - 22*x + 2 + 10*x. Give b(4).
-6
Let h(g) be the third derivative of 1/6*g**3 - 1/24*g**4 + 0*g + 0 - 1/60*g**5 + 3*g**2. Determine h(-3).
-5
Let l(j) be the second derivative of 0 + j**2 - 2*j + 1/12*j**4 - 2/3*j**3. Determine l(4).
2
Suppose 0 = 5*c - 0*c - 20. Let h(j) be the second derivative of -2*j - 1/3*j**3 + 1/12*j**c + 0 + 0*j**2. What is h(3)?
3
Suppose -3*r = -2*r + 5*k - 23, 2*r - 31 = -5*k. Let o(q) = q + 1. Give o(r).
9
Let b(d) be the second derivative of -d**3/3 - 3*d**2/2 + 36*d. Calculate b(3).
-9
Suppose -10*p = -13*p - 4*g - 7, -2*p - 6 = 2*